 greatest common factor of x and 243.
27
Let w = -40 + 36. Let n(q) = 2*q**2 + 4*q - 2. Let l be n(w). Calculate the highest common divisor of l and 70.
14
Let w(b) = 3 + 3 + 3 + 4*b**2 - 1 - 2*b. Let l be w(6). Calculate the highest common factor of l and 28.
28
Suppose 5*v - 55 - 80 = 0. Calculate the greatest common divisor of 9 and v.
9
Let m be (-1)/((-2)/6*1). Suppose -i = m*i - 192. Let z = -21 + 29. Calculate the greatest common factor of z and i.
8
Let h be -6 - (-336)/54 - (-214)/9. Suppose -p - h = -129. What is the greatest common divisor of 42 and p?
21
Let d = 3048 + -2563. Calculate the highest common factor of 10 and d.
5
Let c be (-133)/38*8/(-7). Suppose 18 = 5*l + u + 3, 0 = 3*l - c*u - 9. Let z be (23 - 2)*(0 + 1). What is the greatest common factor of z and l?
3
Let s = -56 - -77. Suppose 16*l + 800 = s*l. What is the greatest common divisor of 10 and l?
10
Let o(z) = -z**3 + 27*z**2 - 3*z + 93. Let a be o(27). Let q be 4/18 - 144/(-81). What is the greatest common divisor of q and a?
2
Suppose 16*p - 2804 = 140. What is the greatest common divisor of 8 and p?
8
Suppose -5*q + 140 = -3*o, q + 0*q - 41 = -2*o. Calculate the highest common divisor of 279 and q.
31
Let t(y) = 2*y + 7. Let r be t(14). Let g = -18 + r. What is the highest common divisor of g and 119?
17
Let q(w) = -28*w**2 + 307*w + 19. Let i be q(11). What is the greatest common factor of i and 472?
8
Suppose 0 = 3*q - 4*a - 11, 6 = -2*q - 2*q - 5*a. Let b(w) = w**3 + 5*w**2 + w + 6. Let t be b(-5). What is the highest common divisor of t and q?
1
Suppose -3*x = 4*x + 63. Let p be (0 - 2 - -24)*1. Let q be 6/x*3 + p. What is the highest common factor of 50 and q?
10
Suppose -17*d = -397 - 708. What is the greatest common divisor of d and 273?
13
Let d(g) = 6*g**2 - 5*g - 13. Let r be d(-3). What is the greatest common divisor of r and 8?
8
Suppose 0 = 5*h - 15, -5*h + 54 + 129 = 3*t. What is the highest common divisor of t and 224?
56
Suppose 3*x - 92 = 4. Let j(b) = -b**2 + 8*b - 8. Let a = -39 - -45. Let f be j(a). Calculate the greatest common factor of x and f.
4
Let i = -384 + 602. Let s = i - 399. Let o = 379 + s. Calculate the highest common factor of 18 and o.
18
Let x be 12/(-9) + (-1760)/(-24). Let s = 4 + 4. Calculate the highest common factor of x and s.
8
Let p(v) = v + 3*v + 2*v + 1 - 7*v. Let q be p(-4). What is the highest common divisor of 40 and q?
5
Suppose -93*c = -94*c + 168. What is the greatest common divisor of c and 56?
56
Suppose 5*w - 5*j = 20, -4*w + 9 = 5*j - 7. Let n be (0 + -1)/((-4)/(-32)). Let p = 20 + n. What is the highest common divisor of w and p?
4
Suppose 0 = -2*w + 37 - 107. Let n = w + 39. What is the greatest common divisor of n and 44?
4
Let s = -305 - -410. What is the greatest common factor of 75 and s?
15
Suppose 0 = f + 5*y - 61, 4*f - 5*f + 77 = -3*y. What is the greatest common factor of 568 and f?
71
Let b(c) = 3*c**2 - 18*c - 12. Let m(n) = 3*n + 35. Let h be m(-9). Let f be b(h). Calculate the greatest common divisor of 90 and f.
18
Let m = -57 - -71. Suppose -5*d + 4*g + 20 = 0, -2*g + 12 = 3*d + g. What is the highest common divisor of d and m?
2
Suppose 4*s - 25*a + 21*a - 1144 = 0, s = -5*a + 262. Calculate the greatest common divisor of s and 94.
94
Let c = -1104 - -1437. Calculate the highest common factor of 45 and c.
9
Suppose 0 = -4*a + t + 80, 53 = 3*a - 3*t + 2. Let w(n) = 9*n - 6. Let x be w(10). Calculate the highest common factor of x and a.
21
Suppose -t + 3*o = -545, -2*o + 37 = -4*t + 2217. Calculate the highest common divisor of t and 218.
109
Let s(v) = 3*v**2 + 16*v - 8. Let b be s(-6). Suppose 4*d + 83 = 3*c - 2*c, 0 = -d + b. Let g = -23 - -34. What is the greatest common divisor of g and c?
11
Suppose 0 = 60*f + 73 - 3013. Let v(m) = -26*m - 3. Let n be v(-2). Calculate the highest common factor of n and f.
49
Let m(f) = -f**3 - 5*f**2 - 4*f + 5. Let t be m(-5). Suppose -o + 6*o = t. Suppose -d + 0*d + o = 0. Calculate the highest common factor of d and 50.
5
Let h be (-2)/(2 + 4)*-6. Suppose -5 + h = -f. Suppose f*t + 2*t = 5. Calculate the highest common divisor of t and 10.
1
Suppose -5*v - 3*c = 6, -5 - 3 = -2*v + 4*c. Suppose v*s = t - 2*s - 32, -4*t + s = -121. Let l = t + 3. What is the greatest common divisor of l and 66?
33
Let s = 476 + -447. Suppose 43 = -5*a - 17. Let c be s/2 - (-6)/a. Calculate the highest common factor of 70 and c.
14
Let c be 2/(-10) + 364/70. Suppose -3*g + 1 - 7 = n, -4*n + c*g = -10. Suppose n = 3*o + 216 - 936. What is the greatest common factor of 30 and o?
30
Let i = 2150 - 2136. What is the greatest common divisor of i and 8?
2
Suppose -4*z = -8, -5*l + 2*z + 1209 = -107. What is the highest common factor of l and 220?
44
Let b be ((-2)/(-4))/(5*3/1440). Let f be (-445)/(-6) + 2/b*-4. What is the greatest common factor of f and 37?
37
Suppose -2*a + 120 = 64. Calculate the highest common divisor of a and 35.
7
Let n = 884 - 499. What is the highest common factor of n and 7?
7
Let y = -4 - -4. Let r be (1 + 1)*(y + -2). Let a(h) = h**3 + 6*h**2 + 4*h + 5. Let k be a(r). What is the greatest common factor of k and 3?
3
Let d be 6/((-72)/(-75))*-4. Let q be (20/d)/(4/(-20)). What is the highest common divisor of 28 and q?
4
Let g be 52/((-1)/(-1 + -1)). Calculate the greatest common factor of g and 39.
13
Suppose -11*b + 8*b = -12. Suppose 58 + 62 = 4*l + b*a, 4*l - 118 = -5*a. Calculate the greatest common divisor of l and 32.
32
Suppose -4*c - 2*o + 18 = -0*o, 0 = -4*c + 2*o - 2. Suppose c + 10 = -2*h. Let n be 8/h*(-297)/22. Calculate the highest common divisor of 45 and n.
9
Let a = 30 + -27. Suppose 0 = -a*w + 16 + 32. Calculate the greatest common divisor of w and 144.
16
Let l = 30 + -49. Let r = l + 49. Calculate the greatest common factor of 20 and r.
10
Let v(w) = w**3 - w + 162. Let f be v(0). Let s(b) = b**3 - 2*b**2 + 12*b - 27. Let j be s(3). What is the highest common divisor of f and j?
18
Let x be (4*(-5)/(-12))/((-16)/(-480)). What is the highest common divisor of x and 150?
50
Let r be ((-5)/(-20))/1 - (-31)/4. Calculate the greatest common factor of r and 64.
8
Let g be (855/76)/(22/(-8) + 3). What is the highest common factor of 9 and g?
9
Let v(t) = 4*t - 10. Suppose 3*g - g - 20 = -2*c, g - c - 2 = 0. Let w be v(g). Calculate the greatest common factor of w and 42.
14
Suppose -9*j + 126 = -6*j. Let u = 81 - j. What is the greatest common factor of 13 and u?
13
Suppose w - 30 = -w. Let j(g) = g**2 + 24*g - 37. Let z be j(2). Calculate the greatest common factor of w and z.
15
Suppose -5 = -w + c - 0*c, 2*c + 28 = 5*w. Suppose 8 = -2*z + w*z. Suppose -5*f = 20, z*s - 2*f + 10 = -6*f. Calculate the highest common factor of 3 and s.
3
Let x = 2 + 3. Suppose -2*u - 2*a = -u - 4, -x*a = -3*u + 12. Suppose 0 = 7*v - u*v - 27. What is the greatest common factor of 63 and v?
9
Let u = 2 + 3. Let l be u*(0/3 + 7). What is the greatest common factor of l and 14?
7
Suppose -4*q + 102 = -3*b, 2*q - 2*b - 78 + 26 = 0. Let c(y) = 10*y + 6. Let z be c(5). Let n = 92 - z. Calculate the highest common factor of n and q.
12
Suppose 3*t + t - 12 = 0, 0 = -w - 4*t + 27. Suppose -2*s = -15 - w. Calculate the greatest common divisor of 45 and s.
15
Suppose -2*t + 101 = -3*a - 31, 0 = 4*t + 4*a - 224. What is the greatest common divisor of t and 40?
20
Let b be ((-324)/16)/(3/(-12)). Let d = -57 + b. Let r be 34/8 - (-18)/d. What is the highest common divisor of r and 10?
5
Let s be -4 - (-168)/(8 + -2). What is the greatest common divisor of 6 and s?
6
Suppose 1 + 7 = 2*t, 3*c + 4*t = 124. Let n be (-1)/3 + (-73)/(-3). Calculate the greatest common factor of c and n.
12
Let d = 1707 + -1672. Calculate the highest common factor of d and 28.
7
Let r be (-10)/(-6) - 7442/(-366). What is the greatest common divisor of 88 and r?
22
Let d(s) = 68*s**2 - s + 1. Let j be d(-1). Suppose -35*n + 30*n = -j. What is the highest common divisor of n and 14?
14
Suppose -2*k + 14 = 4*o - 10, -2*k + 2*o = 6. Suppose 93*t - 64*t + 870 = 0. Let a be (-45)/t - (-7)/k. Calculate the greatest common factor of 30 and a.
5
Let c(x) = -x**2 - 53*x - 326. Let t be c(-44). Calculate the highest common divisor of t and 875.
35
Let k(b) = -b**3 + 14*b**2 + 15*b + 33. Let i 